{"id":29,"date":"2012-12-01T22:21:18","date_gmt":"2012-12-01T22:21:18","guid":{"rendered":"http:\/\/chezsami.ch\/?page_id=29"},"modified":"2023-06-16T21:43:56","modified_gmt":"2023-06-16T21:43:56","slug":"contact","status":"publish","type":"page","link":"https:\/\/chezsami.ch\/?page_id=29","title":{"rendered":"CONTACT"},"content":{"rendered":"\n<div class=\"wp-block-columns is-layout-flex wp-container-core-columns-is-layout-28f84493 wp-block-columns-is-layout-flex\">\n<div class=\"wp-block-column is-layout-flow wp-block-column-is-layout-flow\" style=\"flex-basis:33.33%\">\n<p>Rue de Fribourg, 11 -1201-Gen\u00e8ve<\/p>\n\n\n\n<p>T\u00e9l : 41 (022) 90 103 33<br>&nbsp; &nbsp; &nbsp; &nbsp; &nbsp; 41 076 51 666 89<\/p>\n\n\n\n<p>E-mail: info@chezsami.ch<\/p>\n\n\n\n<p>Commodit\u00e9s :<br>Air conditionn\u00e9<br>Parking MIGROS Cygnes \u00e0 proximit\u00e9<br>Capacit\u00e9 : 360 places<\/p>\n<\/div>\n\n\n\n<div class=\"wp-block-column is-layout-flow wp-block-column-is-layout-flow\" style=\"flex-basis:66.66%\">\n<p><span style=\"color: #000000;\"><iframe loading=\"lazy\" src=\"https:\/\/maps.google.com\/maps\/ms?msa=0&amp;msid=209802922896231666261.0004ccfdd558ba1fa26da&amp;hl=en&amp;ie=UTF8&amp;t=h&amp;ll=46.211148,6.145542&amp;spn=0.002599,0.007296&amp;z=17&amp;output=embed\" width=\"680\" height=\"350\" frameborder=\"0\" marginwidth=\"0\" marginheight=\"0\" scrolling=\"no\"><\/iframe><\/span><br><span style=\"color: #ffffff;\"> <small>View <a style=\"color: #0000ff; text-align: left;\" href=\"https:\/\/maps.google.com\/maps\/ms?msa=0&amp;msid=209802922896231666261.0004ccfdd558ba1fa26da&amp;hl=en&amp;ie=UTF8&amp;t=h&amp;ll=46.211148,6.145542&amp;spn=0.002599,0.007296&amp;z=17&amp;source=embed\"><span style=\"color: #ffffff;\">Rue de Fribourg 11 Restaurant Chez Sami<\/span><\/a> in a larger map<\/small><\/span><\/p>\n<\/div>\n<\/div>\n","protected":false},"excerpt":{"rendered":"<p>Rue de Fribourg, 11 -1201-Gen\u00e8ve T\u00e9l : 41 (022) 90 103 33&nbsp; &nbsp; &nbsp; &nbsp; &nbsp; 41 076 51 666 89 E-mail: info@chezsami.ch Commodit\u00e9s :Air conditionn\u00e9Parking MIGROS Cygnes \u00e0 proximit\u00e9Capacit\u00e9 : 360 places View Rue de Fribourg 11 Restaurant Chez Sami in a larger map<\/p>\n","protected":false},"author":1,"featured_media":0,"parent":0,"menu_order":0,"comment_status":"closed","ping_status":"closed","template":"","meta":{"site-sidebar-layout":"default","site-content-layout":"","ast-site-content-layout":"default","site-content-style":"default","site-sidebar-style":"default","ast-global-header-display":"","ast-banner-title-visibility":"","ast-main-header-display":"","ast-hfb-above-header-display":"","ast-hfb-below-header-display":"","ast-hfb-mobile-header-display":"","site-post-title":"","ast-breadcrumbs-content":"","ast-featured-img":"","footer-sml-layout":"","ast-disable-related-posts":"","theme-transparent-header-meta":"","adv-header-id-meta":"","stick-header-meta":"","header-above-stick-meta":"","header-main-stick-meta":"","header-below-stick-meta":"","astra-migrate-meta-layouts":"default","ast-page-background-enabled":"default","ast-page-background-meta":{"desktop":{"background-color":"var(--ast-global-color-4)","background-image":"","background-repeat":"repeat","background-position":"center center","background-size":"auto","background-attachment":"scroll","background-type":"","background-media":"","overlay-type":"","overlay-color":"","overlay-opacity":"","overlay-gradient":""},"tablet":{"background-color":"","background-image":"","background-repeat":"repeat","background-position":"center center","background-size":"auto","background-attachment":"scroll","background-type":"","background-media":"","overlay-type":"","overlay-color":"","overlay-opacity":"","overlay-gradient":""},"mobile":{"background-color":"","background-image":"","background-repeat":"repeat","background-position":"center center","background-size":"auto","background-attachment":"scroll","background-type":"","background-media":"","overlay-type":"","overlay-color":"","overlay-opacity":"","overlay-gradient":""}},"ast-content-background-meta":{"desktop":{"background-color":"var(--ast-global-color-5)","background-image":"","background-repeat":"repeat","background-position":"center center","background-size":"auto","background-attachment":"scroll","background-type":"","background-media":"","overlay-type":"","overlay-color":"","overlay-opacity":"","overlay-gradient":""},"tablet":{"background-color":"var(--ast-global-color-5)","background-image":"","background-repeat":"repeat","background-position":"center center","background-size":"auto","background-attachment":"scroll","background-type":"","background-media":"","overlay-type":"","overlay-color":"","overlay-opacity":"","overlay-gradient":""},"mobile":{"background-color":"var(--ast-global-color-5)","background-image":"","background-repeat":"repeat","background-position":"center center","background-size":"auto","background-attachment":"scroll","background-type":"","background-media":"","overlay-type":"","overlay-color":"","overlay-opacity":"","overlay-gradient":""}},"footnotes":""},"class_list":["post-29","page","type-page","status-publish","hentry"],"_links":{"self":[{"href":"https:\/\/chezsami.ch\/index.php?rest_route=\/wp\/v2\/pages\/29","targetHints":{"allow":["GET"]}}],"collection":[{"href":"https:\/\/chezsami.ch\/index.php?rest_route=\/wp\/v2\/pages"}],"about":[{"href":"https:\/\/chezsami.ch\/index.php?rest_route=\/wp\/v2\/types\/page"}],"author":[{"embeddable":true,"href":"https:\/\/chezsami.ch\/index.php?rest_route=\/wp\/v2\/users\/1"}],"replies":[{"embeddable":true,"href":"https:\/\/chezsami.ch\/index.php?rest_route=%2Fwp%2Fv2%2Fcomments&post=29"}],"version-history":[{"count":26,"href":"https:\/\/chezsami.ch\/index.php?rest_route=\/wp\/v2\/pages\/29\/revisions"}],"predecessor-version":[{"id":3715,"href":"https:\/\/chezsami.ch\/index.php?rest_route=\/wp\/v2\/pages\/29\/revisions\/3715"}],"wp:attachment":[{"href":"https:\/\/chezsami.ch\/index.php?rest_route=%2Fwp%2Fv2%2Fmedia&parent=29"}],"curies":[{"name":"wp","href":"https:\/\/api.w.org\/{rel}","templated":true}]}}